235 (base 14) to base 5.
-3224
221 (base 16) to base 9
665
Convert -2133 (base 4) to base 15.
-a9
Convert -8b (base 13) to base 11.
-a5
Convert 303 (base 4) to base 3.
1220
Convert -1416 (base 8) to base 16.
-30e
Convert 193a (base 14) to base 6.
33040
Convert -1daa (base 15) to base 3.
-22212021
-11010010101 (base 2) to base 8
-3225
What is 1660 (base 9) in base 10?
1269
Convert 7742 (base 12) to base 11.
9979
-21403 (base 5) to base 11
-1124
Convert -212 (base 12) to base 11.
-255
Convert -75b1 (base 12) to base 14.
-4a0d
What is -94 (base 14) in base 9?
-154
What is -45d6 (base 14) in base 15?
-38e9
Convert -252 (base 10) to base 9.
-310
13040 (base 5) to base 16
3fc
Convert 210120 (base 5) to base 6.
51554
31e (base 15) to base 6
3132
Convert 3d (base 16) to base 2.
111101
Convert -20413 (base 6) to base 16.
-ab9
Convert -19a (base 11) to base 2.
-11100110
What is -2551 (base 8) in base 13?
-827
-a16a (base 11) to base 8
-32303
What is 514 (base 12) in base 10?
736
22110 (base 7) to base 11
4190
Convert -6a2 (base 14) to base 3.
-1210211
What is 16574 (base 8) in base 7?
31002
What is 2340 (base 8) in base 3?
1201020
Convert 7790 (base 12) to base 10.
13212
What is -12655 (base 8) in base 3?
-21121112
What is -12013 (base 4) in base 11?
-326
Convert 10703 (base 8) to base 16.
11c3
Convert 27457 (base 8) to base 16.
2f2f
Convert 2264 (base 10) to base 11.
1779
Convert -3a13 (base 15) to base 13.
-5844
Convert -1149 (base 10) to base 2.
-10001111101
Convert -279 (base 13) to base 8.
-666
304 (base 10) to base 9
367
-18804 (base 9) to base 4
-3023311
120213 (base 4) to base 15
700
-114 (base 11) to base 12
-b4
-104133 (base 5) to base 16
-e54
What is 50514 (base 10) in base 9?
76256
Convert -201305 (base 7) to base 3.
-1201210022
Convert 414404 (base 6) to base 14.
c268
Convert 45e (base 15) to base 14.
509
What is 404332 (base 5) in base 13?
5c61
What is 7307 (base 13) in base 9?
23718
-91b7 (base 13) to base 10
-20092
What is -67 (base 11) in base 2?
-1001001
Convert -27 (base 16) to base 7.
-54
Convert -14e (base 16) to base 7.
-655
-5871 (base 9) to base 11
-3301
What is -2143101 (base 5) in base 7?
-213451
-342323 (base 5) to base 13
-5736
Convert 435 (base 10) to base 15.
1e0
Convert 200102 (base 4) to base 12.
1242
Convert 1270 (base 11) to base 10.
1650
What is 32c7 (base 14) in base 10?
8799
101001101001100 (base 2) to base 6
242420
What is 13c (base 14) in base 11?
208
1110001100101 (base 2) to base 3
100222020
-4240 (base 5) to base 10
-570
100011 (base 3) to base 7
502
What is -9518 (base 11) in base 5?
-400403
What is 358 (base 9) in base 13?
19a
42124 (base 7) to base 13
4939
Convert -20b (base 13) to base 5.
-2344
325 (base 14) to base 3
212000
1db (base 15) to base 13
272
-1110000110001 (base 2) to base 9
-10808
Convert -24113 (base 5) to base 8.
-3367
Convert 12ec3 (base 15) to base 16.
ed24
What is -1334 (base 5) in base 14?
-119
2b9 (base 16) to base 2
1010111001
Convert 1333122 (base 4) to base 3.
102012000
219 (base 15) to base 12
336
What is 302 (base 4) in base 15?
35
What is -37936 (base 11) in base 10?
-54368
What is 1131302 (base 5) in base 16?
515b
1144003 (base 6) to base 11
41495
What is -2226 (base 9) in base 6?
-11340
Convert -547 (base 15) to base 16.
-4a8
111 (base 12) to base 8
235
What is 12144 (base 5) in base 9?
1236
What is -68 (base 15) in base 3?
-10122
Convert -1475 (base 11) to base 8.
-3551
Convert 1070 (base 11) to base 10.
1408
54 (base 10) to base 2
110110
Convert -359a (base 12) to base 13.
-2983
2513 (base 6) to base 10
621
-16816 (base 9) to base 10
-11598
What is -3151 (base 7) in base 2?
-10001011010
Convert 33301 (base 4) to base 10.
1009
Convert -13002322 (base 4) to base 3.
-1110120211
-2906 (base 10) to base 9
-3878
Convert -64564 (base 8) to base 6.
-324552
Convert b374 (base 15) to base 6.
451301
What is 7ab6 (base 14) in base 10?
21328
What is -1023114 (base 5) in base 11?
-11a93
Convert 2040 (base 9) to base 3.
2001100
1264 (base 12) to base 2
100000101100
What is -11114 (base 11) in base 7?
-64651
-712 (base 10) to base 16
-2c8
Convert a47 (base 11) to base 16.
4ed
What is -117a (base 15) in base 16?
-e83
What is -4523 (base 6) in base 16?
-423
Convert -10114 (base 5) to base 10.
-659
What is -235113 (base 6) in base 14?
-76cd
What is 13534 (base 6) in base 11?
1681
What is 77402 (base 8) in base 7?
163536
12002010 (base 3) to base 16
e76
-ca (base 14) to base 15
-bd
Convert -130241 (base 5) to base 12.
-2b27
11033110 (base 4) to base 15
655a
Convert -246 (base 11) to base 9.
-354
What is -1b51 (base 14) in base 8?
-11553
What is -210212210 (base 3) in base 12?
-9293
-22403 (base 5) to base 3
-2012101
What is 110110010011001 (base 2) in base 7?
144024
What is -3105 (base 6) in base 9?
-845
What is 13211 (base 6) in base 7?
5620
What is -54120 (base 8) in base 16?
-5850
Convert 342 (base 10) to base 11.
291
Convert -180 (base 11) to base 14.
-10d
What is -4a07 (base 15) in base 16?
-3d8d
What is -2303 (base 5) in base 10?
-328
What is 111001011011 (base 2) in base 4?
321123
Convert -803 (base 11) to base 8.
-1713
20310 (base 4) to base 13
345
What is 2032 (base 8) in base 10?
1050
Convert 22244 (base 5) to base 15.
6ee
-10010011001 (base 2) to base 9
-1547
What is -b70 (base 12) in base 8?
-3204
Convert -13794 (base 13) to base 8.
-107150
-6504 (base 7) to base 16
-903
Convert -15721 (base 12) to base 10.
-30409
Convert -32c (base 14) to base 16.
-274
What is 9586 (base 13) in base 11?
14634
Convert 20640 (base 10) to base 13.
9519
-b2 (base 15) to base 8
-247
Convert -aa59 (base 11) to base 10.
-14584
Convert -13537 (base 8) to base 4.
-1131133
a17 (base 13) to base 9
2310
Convert -d8ee (base 15) to base 11.
-31537
What is -12000 (base 3) in base 6?
-343
Convert 333255 (base 6) to base 7.
144356
What is -3343 (base 11) in base 3?
-20001002
Convert 112024 (base 6) to base 15.
2c4a
-205343 (base 6) to base 13
-782a
Convert 1 (base 13) to base 14.
1
What is 57132 (base 8) in base 11?
17169
What is -6394 (base 14) in base 16?
-431e
Convert -1387 (base 9) to base 6.
-4511
Convert 45503 (base 10) to base 2.
1011000110111111
-11020 (base 4) to base 8
-510
Convert 1da5 (base 14) to base 10.
5437
376 (base 11) to base 4
12332
What is 13330 (base 4) in base 16?
1fc
What is -16664 (base 12) in base 16?
-7d2c
Convert -373 (base 8) to base 10.
-251
What is -12312300 (base 4) in base 7?
-144603
Convert 1001101001 (base 2) to base 10.
617
Convert -111100100010 (base 2) to base 5.
-110444
Convert 1026 (base 7) to base 6.
1403
What is 11334 (base 10) in base 8?
26106
1121131 (base 4) to base 13
27b5
Convert 2010211120 (base 3) to base 12.
20496
2360 (base 7) to base 12
60b
-684 (base 10) to base 12
-490
Convert 24756 (base 8) to base 3.
112201120
What is 330 (base 16) in base 15?
396
Convert -2919 (base 10) to base 4.
-231213
-1150 (base 7) to base 2
-110101011
Convert 13e (base 16) to base 8.
476
-2231 (base 4) to base 6
-445
What is -201210 (base 3) in base 16?
-216
What is 3b287 (base 12) in base 14?
21a51
Convert 12312 (base 4) to base 12.
306
What is 66053 (base 7) in base 6?
204222
What is -3222 (base 4) in base 16?
-ea
What is 16ba (base 13) in base 3?
11121121
Convert -1596 (base 13) to base 11.
-2418
Convert -57a8 (base 12) to base 6.
-113132
Convert -447a (base 13) to base 16.
-255d
Convert -1724 (base 11) to base 13.
-1007
Convert 610 (base 7) to base 16.
12d
-10881 (base 9) to base 8
-16162
Convert -817 (base 9) to base 10.
-664
What is -15147 (base 9) in base 4?
-2201122
-2c9 (base 13) to base 15
-238
4393 (base 14) to base 13
5426
Convert 6b4 (base 14) to base 7.
3614
-1001100 (base 4) to base 11
-3157
What is -228 (base 16) in base 8?
-1050
Convert -9cd (base 14) to base 8.
-3631
What is -102103 (base 5) in base 3?
-11200001
What is -113043 (base 6) in base 11?
-7361
-2300100 (base 5) to base 9
-61676
What is 1a27a (base 14) in base 16?
10334
Convert 12b0 (base 14) to base 16.
cda
What is -d39 (base 15) in base 4?
-232203
-2262 (base 11) to base 13
-1478
121311 (base 5) to base 14
1953
What is -1010110 (base 2) in base 13?
-68
Convert -240331 (base 6) to base 16.
-517f
Convert 221311 (base 8) to base 7.
430013
-3121012 (base 4) to base 7
-55336
-7690 (base 10) to base 14
-2b34
Wha